{"id":11869,"date":"2016-05-04T18:56:35","date_gmt":"2016-05-04T16:56:35","guid":{"rendered":"http:\/\/d-teq.de\/media-sports\/?page_id=11869"},"modified":"2017-12-03T20:16:10","modified_gmt":"2017-12-03T18:16:10","slug":"unternehmen","status":"publish","type":"page","link":"http:\/\/d-teq.de\/media-sports\/unternehmen\/","title":{"rendered":"Unternehmen"},"content":{"rendered":"<p><span style=\"font-size: 12pt; color: #000000;\"><strong><span style=\"font-family: arial, helvetica, sans-serif;\">Unternehmen<\/span><\/strong><\/span><\/p>\n<p><span style=\"font-family: arial, helvetica, sans-serif; font-size: 12pt;\">Seit 2006 bietet D-TEQ im Bereich Media &amp; Sports als zuverl\u00e4ssigen Partner hochwertige Produkte, Leistungen und L\u00f6sungen rund um den Sport.<\/span><\/p>\n<p><span style=\"font-family: arial, helvetica, sans-serif; font-size: 12pt;\">Der Ursprung als Ingenieurb\u00fcro verpflichtet! Entsprechend wird bei uns auf Produktqualit\u00e4t besonders hohen Wert gelegt was sich in unsere Kundenzufriedenheit widerspiegelt.<\/span><\/p>\n<p><span style=\"font-family: arial, helvetica, sans-serif; font-size: 12pt;\">Zu unseren Kunden z\u00e4hlen Verb\u00e4nde, Sportvereine, St\u00e4dte &#8211; Kommunen und Schulen.<\/span><\/p>\n<p><span style=\"font-family: arial, helvetica, sans-serif; font-size: 12pt;\"><div class=\"fusion-fullwidth fullwidth-box fusion-builder-row-1 hundred-percent-fullwidth non-hundred-percent-height-scrolling\" style=\"--awb-border-radius-top-left:0px;--awb-border-radius-top-right:0px;--awb-border-radius-bottom-right:0px;--awb-border-radius-bottom-left:0px;--awb-overflow:visible;--awb-margin-top:40px;--awb-margin-bottom:40px;--awb-background-color:rgba(255,255,255,0);--awb-flex-wrap:wrap;\" ><div class=\"fusion-builder-row fusion-row\"><div class=\"fusion-layout-column fusion_builder_column fusion-builder-column-0 fusion_builder_column_1_1 1_1 fusion-one-full fusion-column-first fusion-column-last fusion-column-no-min-height\" style=\"--awb-bg-size:cover;--awb-margin-bottom:0px;\"><div class=\"fusion-column-wrapper fusion-flex-column-wrapper-legacy\"><div class=\"fusion-sep-clear\"><\/div><div class=\"fusion-separator fusion-full-width-sep\" style=\"margin-left: auto;margin-right: auto;width:100%;\"><\/div><div class=\"fusion-sep-clear\"><\/div><div class=\"fusion-clearfix\"><\/div><\/div><\/div><\/div><\/div><\/p>\n","protected":false},"excerpt":{"rendered":"<p>Unternehmen Seit 2006 bietet D-TEQ im Bereich Media &amp; Sports als zuverl\u00e4ssigen Partner hochwertige Produkte, Leistungen und L\u00f6sungen rund um den Sport. Der Ursprung als Ingenieurb\u00fcro verpflichtet! Entsprechend wird bei uns auf Produktqualit\u00e4t besonders hohen Wert gelegt was sich in unsere Kundenzufriedenheit widerspiegelt. Zu unseren Kunden z\u00e4hlen Verb\u00e4nde, Sportvereine, St\u00e4dte &#8211; Kommunen und Schulen.<\/p>\n","protected":false},"author":3,"featured_media":0,"parent":0,"menu_order":0,"comment_status":"closed","ping_status":"closed","template":"","meta":{"footnotes":""},"class_list":["post-11869","page","type-page","status-publish","hentry"],"yoast_head":"<!-- This site is optimized with the Yoast SEO plugin v26.7 - https:\/\/yoast.com\/wordpress\/plugins\/seo\/ -->\n<title>Unternehmen - D-TEQ<\/title>\n<meta name=\"description\" content=\"Hier finden Sie alle Informationen \u00fcber das Unternehmen D-TEQ. Besuchen Sie uns um sich \u00fcber das Unternehmen D-TEQ zu informieren.\" \/>\n<meta name=\"robots\" content=\"index, follow, max-snippet:-1, max-image-preview:large, max-video-preview:-1\" \/>\n<link rel=\"canonical\" href=\"http:\/\/d-teq.de\/media-sports\/unternehmen\/\" \/>\n<meta property=\"og:locale\" content=\"de_DE\" \/>\n<meta property=\"og:type\" content=\"article\" \/>\n<meta property=\"og:title\" content=\"Unternehmen - D-TEQ\" \/>\n<meta property=\"og:description\" content=\"Hier finden Sie alle Informationen \u00fcber das Unternehmen D-TEQ. Besuchen Sie uns um sich \u00fcber das Unternehmen D-TEQ zu informieren.\" \/>\n<meta property=\"og:url\" content=\"http:\/\/d-teq.de\/media-sports\/unternehmen\/\" \/>\n<meta property=\"og:site_name\" content=\"D-TEQ\" \/>\n<meta property=\"article:modified_time\" content=\"2017-12-03T18:16:10+00:00\" \/>\n<meta name=\"twitter:card\" content=\"summary_large_image\" \/>\n<meta name=\"twitter:label1\" content=\"Gesch\u00e4tzte Lesezeit\" \/>\n\t<meta name=\"twitter:data1\" content=\"1\u00a0Minute\" \/>\n<script type=\"application\/ld+json\" class=\"yoast-schema-graph\">{\"@context\":\"https:\/\/schema.org\",\"@graph\":[{\"@type\":\"WebPage\",\"@id\":\"http:\/\/d-teq.de\/media-sports\/unternehmen\/\",\"url\":\"http:\/\/d-teq.de\/media-sports\/unternehmen\/\",\"name\":\"Unternehmen - D-TEQ\",\"isPartOf\":{\"@id\":\"http:\/\/d-teq.de\/media-sports\/#website\"},\"datePublished\":\"2016-05-04T16:56:35+00:00\",\"dateModified\":\"2017-12-03T18:16:10+00:00\",\"description\":\"Hier finden Sie alle Informationen \u00fcber das Unternehmen D-TEQ. Besuchen Sie uns um sich \u00fcber das Unternehmen D-TEQ zu informieren.\",\"breadcrumb\":{\"@id\":\"http:\/\/d-teq.de\/media-sports\/unternehmen\/#breadcrumb\"},\"inLanguage\":\"de\",\"potentialAction\":[{\"@type\":\"ReadAction\",\"target\":[\"http:\/\/d-teq.de\/media-sports\/unternehmen\/\"]}]},{\"@type\":\"BreadcrumbList\",\"@id\":\"http:\/\/d-teq.de\/media-sports\/unternehmen\/#breadcrumb\",\"itemListElement\":[{\"@type\":\"ListItem\",\"position\":1,\"name\":\"Startseite\",\"item\":\"http:\/\/d-teq.de\/media-sports\/\"},{\"@type\":\"ListItem\",\"position\":2,\"name\":\"Unternehmen\"}]},{\"@type\":\"WebSite\",\"@id\":\"http:\/\/d-teq.de\/media-sports\/#website\",\"url\":\"http:\/\/d-teq.de\/media-sports\/\",\"name\":\"D-TEQ\",\"description\":\"Media &amp; Sports\",\"potentialAction\":[{\"@type\":\"SearchAction\",\"target\":{\"@type\":\"EntryPoint\",\"urlTemplate\":\"http:\/\/d-teq.de\/media-sports\/?s={search_term_string}\"},\"query-input\":{\"@type\":\"PropertyValueSpecification\",\"valueRequired\":true,\"valueName\":\"search_term_string\"}}],\"inLanguage\":\"de\"}]}<\/script>\n<!-- \/ Yoast SEO plugin. -->","yoast_head_json":{"title":"Unternehmen - D-TEQ","description":"Hier finden Sie alle Informationen \u00fcber das Unternehmen D-TEQ. Besuchen Sie uns um sich \u00fcber das Unternehmen D-TEQ zu informieren.","robots":{"index":"index","follow":"follow","max-snippet":"max-snippet:-1","max-image-preview":"max-image-preview:large","max-video-preview":"max-video-preview:-1"},"canonical":"http:\/\/d-teq.de\/media-sports\/unternehmen\/","og_locale":"de_DE","og_type":"article","og_title":"Unternehmen - D-TEQ","og_description":"Hier finden Sie alle Informationen \u00fcber das Unternehmen D-TEQ. Besuchen Sie uns um sich \u00fcber das Unternehmen D-TEQ zu informieren.","og_url":"http:\/\/d-teq.de\/media-sports\/unternehmen\/","og_site_name":"D-TEQ","article_modified_time":"2017-12-03T18:16:10+00:00","twitter_card":"summary_large_image","twitter_misc":{"Gesch\u00e4tzte Lesezeit":"1\u00a0Minute"},"schema":{"@context":"https:\/\/schema.org","@graph":[{"@type":"WebPage","@id":"http:\/\/d-teq.de\/media-sports\/unternehmen\/","url":"http:\/\/d-teq.de\/media-sports\/unternehmen\/","name":"Unternehmen - D-TEQ","isPartOf":{"@id":"http:\/\/d-teq.de\/media-sports\/#website"},"datePublished":"2016-05-04T16:56:35+00:00","dateModified":"2017-12-03T18:16:10+00:00","description":"Hier finden Sie alle Informationen \u00fcber das Unternehmen D-TEQ. Besuchen Sie uns um sich \u00fcber das Unternehmen D-TEQ zu informieren.","breadcrumb":{"@id":"http:\/\/d-teq.de\/media-sports\/unternehmen\/#breadcrumb"},"inLanguage":"de","potentialAction":[{"@type":"ReadAction","target":["http:\/\/d-teq.de\/media-sports\/unternehmen\/"]}]},{"@type":"BreadcrumbList","@id":"http:\/\/d-teq.de\/media-sports\/unternehmen\/#breadcrumb","itemListElement":[{"@type":"ListItem","position":1,"name":"Startseite","item":"http:\/\/d-teq.de\/media-sports\/"},{"@type":"ListItem","position":2,"name":"Unternehmen"}]},{"@type":"WebSite","@id":"http:\/\/d-teq.de\/media-sports\/#website","url":"http:\/\/d-teq.de\/media-sports\/","name":"D-TEQ","description":"Media &amp; Sports","potentialAction":[{"@type":"SearchAction","target":{"@type":"EntryPoint","urlTemplate":"http:\/\/d-teq.de\/media-sports\/?s={search_term_string}"},"query-input":{"@type":"PropertyValueSpecification","valueRequired":true,"valueName":"search_term_string"}}],"inLanguage":"de"}]}},"_links":{"self":[{"href":"http:\/\/d-teq.de\/media-sports\/wp-json\/wp\/v2\/pages\/11869","targetHints":{"allow":["GET"]}}],"collection":[{"href":"http:\/\/d-teq.de\/media-sports\/wp-json\/wp\/v2\/pages"}],"about":[{"href":"http:\/\/d-teq.de\/media-sports\/wp-json\/wp\/v2\/types\/page"}],"author":[{"embeddable":true,"href":"http:\/\/d-teq.de\/media-sports\/wp-json\/wp\/v2\/users\/3"}],"replies":[{"embeddable":true,"href":"http:\/\/d-teq.de\/media-sports\/wp-json\/wp\/v2\/comments?post=11869"}],"version-history":[{"count":21,"href":"http:\/\/d-teq.de\/media-sports\/wp-json\/wp\/v2\/pages\/11869\/revisions"}],"predecessor-version":[{"id":12860,"href":"http:\/\/d-teq.de\/media-sports\/wp-json\/wp\/v2\/pages\/11869\/revisions\/12860"}],"wp:attachment":[{"href":"http:\/\/d-teq.de\/media-sports\/wp-json\/wp\/v2\/media?parent=11869"}],"curies":[{"name":"wp","href":"https:\/\/api.w.org\/{rel}","templated":true}]}}