{"id":12017,"date":"2016-06-07T19:41:42","date_gmt":"2016-06-07T17:41:42","guid":{"rendered":"http:\/\/d-teq.de\/media-sports\/?post_type=product&#038;p=12017"},"modified":"2017-12-03T20:16:18","modified_gmt":"2017-12-03T18:16:18","slug":"hochsprungmatte-modell-vario","status":"publish","type":"product","link":"http:\/\/d-teq.de\/media-sports\/product\/hochsprungmatte-modell-vario\/","title":{"rendered":"Hochsprungmatte Modell &#8222;Vario&#8220;"},"content":{"rendered":"","protected":false},"excerpt":{"rendered":"<p><strong><span style=\"font-family: arial,helvetica,sans-serif; font-size: 12pt;\">Hochsprungmatte Modell &#8222;Vario&#8220;<\/span><\/strong><\/p>\n<ul>\n<li><span style=\"font-family: arial, helvetica, sans-serif; font-size: 12pt;\">SPIKESSCHUTZ &#8211; Gittergewebe, spikessicher \u00fcber die ganze Aufsprungfl\u00e4che und <\/span><br \/>\n<span style=\"font-family: arial, helvetica, sans-serif; font-size: 12pt;\"> seitlich verarbeitet \u2013 garantiert optimale Luftzirkulation. <\/span><br \/>\n<span style=\"font-size: 12pt; font-family: arial, helvetica, sans-serif;\"> Schlei\u00dfmatte eingearbeitet. * BITTE HINWEIS UNTEN BEACHTEN! <\/span><\/li>\n<li><span style=\"font-family: arial, helvetica, sans-serif; font-size: 12pt;\">Zweiteiliger Gesamtbezug mit wettergesch\u00fctzten Kompakt \u2013 Schnellverschl\u00fcssen. <\/span><\/li>\n<li><span style=\"font-family: arial, helvetica, sans-serif; font-size: 12pt;\">Hochelastische Polyschaumbl\u00f6cke.<\/span><\/li>\n<\/ul>\n<p><span style=\"font-size: 12pt; font-family: arial, helvetica, sans-serif;\">*Bei den Gr\u00f6\u00dfen 400 x 250 x 50\/60 cm und 400 x 300 x 50\/60 cm ist der Bezug einteilig mit einem wetterfesten Kunststoffrei\u00dfverschluss. <\/span><br \/>\n<span style=\"font-family: arial, helvetica, sans-serif; font-size: 12pt;\"> Die Aufsprungfl\u00e4che besteht aus Spikesschutz-Gittergewebe. <\/span><\/p>\n<p>&nbsp;<\/p>\n<p><a href=\"http:\/\/d-teq.de\/media-sports\/wp-content\/uploads\/2016\/06\/hoch_vario.png\"><img decoding=\"async\" class=\"alignnone wp-image-12020 size-full\" title=\"Hochsprungmatte Modell Vario\" src=\"http:\/\/d-teq.de\/media-sports\/wp-content\/uploads\/2016\/06\/hoch_vario.png\" alt=\"hoch_vario\" width=\"400\" height=\"186\" srcset=\"http:\/\/d-teq.de\/media-sports\/wp-content\/uploads\/2016\/06\/hoch_vario-200x93.png 200w, http:\/\/d-teq.de\/media-sports\/wp-content\/uploads\/2016\/06\/hoch_vario-300x140.png 300w, http:\/\/d-teq.de\/media-sports\/wp-content\/uploads\/2016\/06\/hoch_vario.png 400w\" sizes=\"(max-width: 400px) 100vw, 400px\" \/><\/a><\/p>\n<p>&nbsp;<\/p>\n<table class=\"layout3\" style=\"border-color: #000000; height: 250px;\" width=\"700\">\n<tbody>\n<tr>\n<td class=\"layout3_info\" style=\"width: 150px;\"><span style=\"font-family: arial, helvetica, sans-serif; font-size: 12pt;\">Ausf\u00fchrung A<\/span><\/td>\n<td class=\"layout3_detail\"><span style=\"font-family: arial, helvetica, sans-serif; font-size: 12pt;\">Schaumstoffelemente als Monoblocksystem. <\/span><br \/>\n<span style=\"font-family: arial, helvetica, sans-serif; font-size: 12pt;\"> Aufsprungfl\u00e4che Spikesschutz-Gittergewebe.<\/span><\/td>\n<\/tr>\n<tr>\n<td class=\"layout3_info\"><span style=\"font-family: arial, helvetica, sans-serif; font-size: 12pt;\">Ausf\u00fchrung B<\/span><\/td>\n<td class=\"layout3_detail\"><span style=\"font-family: arial, helvetica, sans-serif; font-size: 12pt;\">Schaumstoffelemente als Hohlkammersystem. <\/span><br \/>\n<span style=\"font-family: arial, helvetica, sans-serif; font-size: 12pt;\"> Aufsprungfl\u00e4che Spikesschutz-Gittergewebe.<\/span><\/td>\n<\/tr>\n<tr>\n<td class=\"layout3_info\"><span style=\"font-family: arial, helvetica, sans-serif; font-size: 12pt;\">Ausf\u00fchrung C<\/span><\/td>\n<td class=\"layout3_detail\"><span style=\"font-family: arial, helvetica, sans-serif; font-size: 12pt;\">Schaumstoffelemente als Hohlkammersystem. <\/span><br \/>\n<span style=\"font-family: arial, helvetica, sans-serif; font-size: 12pt;\"> Ein zus\u00e4tzlicher Zwischenboden \u00fcberdeckt die Fugenbereiche <\/span><br \/>\n<span style=\"font-family: arial, helvetica, sans-serif; font-size: 12pt;\"> und h\u00e4lt die gesamte Matte fest und durchschlagsicher zusammen. <\/span><br \/>\n<span style=\"font-family: arial, helvetica, sans-serif; font-size: 12pt;\"> Aufsprungfl\u00e4che Spikesschutz-Gittergewebe.<\/span><\/td>\n<\/tr>\n<\/tbody>\n<\/table>\n<p>&nbsp;<\/p>\n<table border=\"0\" cellspacing=\"0\" cellpadding=\"30px\">\n<tbody>\n<tr>\n<td align=\"center\"><span style=\"font-family: arial, helvetica, sans-serif; font-size: 12pt;\"><a href=\"http:\/\/d-teq.de\/media-sports\/wp-content\/uploads\/2016\/06\/hoch_vario-2.png\"><img decoding=\"async\" class=\"alignnone wp-image-12019 size-full\" title=\"Hochsprungmatte Modell Vario\" src=\"http:\/\/d-teq.de\/media-sports\/wp-content\/uploads\/2016\/06\/hoch_vario-2.png\" alt=\"hoch_vario 2\" width=\"204\" height=\"216\" srcset=\"http:\/\/d-teq.de\/media-sports\/wp-content\/uploads\/2016\/06\/hoch_vario-2-189x200.png 189w, http:\/\/d-teq.de\/media-sports\/wp-content\/uploads\/2016\/06\/hoch_vario-2.png 204w\" sizes=\"(max-width: 204px) 100vw, 204px\" \/><\/a><\/span><\/td>\n<td align=\"center\"><span style=\"font-family: arial, helvetica, sans-serif; font-size: 12pt;\"><a href=\"http:\/\/d-teq.de\/media-sports\/wp-content\/uploads\/2016\/06\/hoch_vario_gitter.gif\"><img decoding=\"async\" class=\"alignnone wp-image-12021 size-full\" title=\"Hochsprungmatte Modell Vario\" src=\"http:\/\/d-teq.de\/media-sports\/wp-content\/uploads\/2016\/06\/hoch_vario_gitter.gif\" alt=\"hoch_vario_gitter\" width=\"160\" height=\"160\" \/><\/a><\/span><br \/>\n<span style=\"font-family: arial, helvetica, sans-serif; font-size: 12pt;\"> Spikesschutz &#8211; Gittergewebe, spikessicher \u00fcber die ganze Aufsprungfl\u00e4che und auch seitlich verarbeitet, sorgt f\u00fcr eine optimale Luftzirkulation.<\/span><\/td>\n<\/tr>\n<\/tbody>\n<\/table>\n","protected":false},"featured_media":12301,"template":"","meta":[],"product_brand":[],"product_cat":[79],"product_tag":[],"class_list":{"0":"post-12017","1":"product","2":"type-product","3":"status-publish","4":"has-post-thumbnail","6":"product_cat-leichtathletik-hochsprung","8":"first","9":"instock","10":"shipping-taxable","11":"product-type-simple"},"yoast_head":"<!-- This site is optimized with the Yoast SEO plugin v26.7 - https:\/\/yoast.com\/wordpress\/plugins\/seo\/ -->\n<title>Hochsprungmatte Modell &quot;Vario&quot; - D-TEQ<\/title>\n<meta name=\"description\" content=\"Diese Hochsprungmatte Modell Vario ist eine sehr robuste und qualitativ hochw\u00e4rtige Matte. Sie hat einen Spikeschutz intigriert.\" \/>\n<meta name=\"robots\" content=\"index, follow, max-snippet:-1, max-image-preview:large, max-video-preview:-1\" \/>\n<link rel=\"canonical\" href=\"http:\/\/d-teq.de\/media-sports\/product\/hochsprungmatte-modell-vario\/\" \/>\n<meta property=\"og:locale\" content=\"de_DE\" \/>\n<meta property=\"og:type\" content=\"article\" \/>\n<meta property=\"og:title\" content=\"Hochsprungmatte Modell &quot;Vario&quot; - D-TEQ\" \/>\n<meta property=\"og:description\" content=\"Diese Hochsprungmatte Modell Vario ist eine sehr robuste und qualitativ hochw\u00e4rtige Matte. Sie hat einen Spikeschutz intigriert.\" \/>\n<meta property=\"og:url\" content=\"http:\/\/d-teq.de\/media-sports\/product\/hochsprungmatte-modell-vario\/\" \/>\n<meta property=\"og:site_name\" content=\"D-TEQ\" \/>\n<meta property=\"article:modified_time\" content=\"2017-12-03T18:16:18+00:00\" \/>\n<meta property=\"og:image\" content=\"http:\/\/d-teq.de\/media-sports\/wp-content\/uploads\/2016\/06\/hoch_vario.jpg\" \/>\n\t<meta property=\"og:image:width\" content=\"300\" \/>\n\t<meta property=\"og:image:height\" content=\"300\" \/>\n\t<meta property=\"og:image:type\" content=\"image\/jpeg\" \/>\n<meta name=\"twitter:card\" content=\"summary_large_image\" \/>\n<script type=\"application\/ld+json\" class=\"yoast-schema-graph\">{\"@context\":\"https:\/\/schema.org\",\"@graph\":[{\"@type\":\"WebPage\",\"@id\":\"http:\/\/d-teq.de\/media-sports\/product\/hochsprungmatte-modell-vario\/\",\"url\":\"http:\/\/d-teq.de\/media-sports\/product\/hochsprungmatte-modell-vario\/\",\"name\":\"Hochsprungmatte Modell \\\"Vario\\\" - D-TEQ\",\"isPartOf\":{\"@id\":\"http:\/\/d-teq.de\/media-sports\/#website\"},\"primaryImageOfPage\":{\"@id\":\"http:\/\/d-teq.de\/media-sports\/product\/hochsprungmatte-modell-vario\/#primaryimage\"},\"image\":{\"@id\":\"http:\/\/d-teq.de\/media-sports\/product\/hochsprungmatte-modell-vario\/#primaryimage\"},\"thumbnailUrl\":\"http:\/\/d-teq.de\/media-sports\/wp-content\/uploads\/2016\/06\/hoch_vario.jpg\",\"datePublished\":\"2016-06-07T17:41:42+00:00\",\"dateModified\":\"2017-12-03T18:16:18+00:00\",\"description\":\"Diese Hochsprungmatte Modell Vario ist eine sehr robuste und qualitativ hochw\u00e4rtige Matte. Sie hat einen Spikeschutz intigriert.\",\"breadcrumb\":{\"@id\":\"http:\/\/d-teq.de\/media-sports\/product\/hochsprungmatte-modell-vario\/#breadcrumb\"},\"inLanguage\":\"de\",\"potentialAction\":[{\"@type\":\"ReadAction\",\"target\":[\"http:\/\/d-teq.de\/media-sports\/product\/hochsprungmatte-modell-vario\/\"]}]},{\"@type\":\"ImageObject\",\"inLanguage\":\"de\",\"@id\":\"http:\/\/d-teq.de\/media-sports\/product\/hochsprungmatte-modell-vario\/#primaryimage\",\"url\":\"http:\/\/d-teq.de\/media-sports\/wp-content\/uploads\/2016\/06\/hoch_vario.jpg\",\"contentUrl\":\"http:\/\/d-teq.de\/media-sports\/wp-content\/uploads\/2016\/06\/hoch_vario.jpg\",\"width\":300,\"height\":300,\"caption\":\"Hochsprungmatte Modell Vario\"},{\"@type\":\"BreadcrumbList\",\"@id\":\"http:\/\/d-teq.de\/media-sports\/product\/hochsprungmatte-modell-vario\/#breadcrumb\",\"itemListElement\":[{\"@type\":\"ListItem\",\"position\":1,\"name\":\"Startseite\",\"item\":\"http:\/\/d-teq.de\/media-sports\/\"},{\"@type\":\"ListItem\",\"position\":2,\"name\":\"Shop\",\"item\":\"http:\/\/d-teq.de\/media-sports\/shop\/\"},{\"@type\":\"ListItem\",\"position\":3,\"name\":\"Hochsprungmatte Modell &#8222;Vario&#8220;\"}]},{\"@type\":\"WebSite\",\"@id\":\"http:\/\/d-teq.de\/media-sports\/#website\",\"url\":\"http:\/\/d-teq.de\/media-sports\/\",\"name\":\"D-TEQ\",\"description\":\"Media &amp; Sports\",\"potentialAction\":[{\"@type\":\"SearchAction\",\"target\":{\"@type\":\"EntryPoint\",\"urlTemplate\":\"http:\/\/d-teq.de\/media-sports\/?s={search_term_string}\"},\"query-input\":{\"@type\":\"PropertyValueSpecification\",\"valueRequired\":true,\"valueName\":\"search_term_string\"}}],\"inLanguage\":\"de\"}]}<\/script>\n<!-- \/ Yoast SEO plugin. -->","yoast_head_json":{"title":"Hochsprungmatte Modell \"Vario\" - D-TEQ","description":"Diese Hochsprungmatte Modell Vario ist eine sehr robuste und qualitativ hochw\u00e4rtige Matte. Sie hat einen Spikeschutz intigriert.","robots":{"index":"index","follow":"follow","max-snippet":"max-snippet:-1","max-image-preview":"max-image-preview:large","max-video-preview":"max-video-preview:-1"},"canonical":"http:\/\/d-teq.de\/media-sports\/product\/hochsprungmatte-modell-vario\/","og_locale":"de_DE","og_type":"article","og_title":"Hochsprungmatte Modell \"Vario\" - D-TEQ","og_description":"Diese Hochsprungmatte Modell Vario ist eine sehr robuste und qualitativ hochw\u00e4rtige Matte. Sie hat einen Spikeschutz intigriert.","og_url":"http:\/\/d-teq.de\/media-sports\/product\/hochsprungmatte-modell-vario\/","og_site_name":"D-TEQ","article_modified_time":"2017-12-03T18:16:18+00:00","og_image":[{"width":300,"height":300,"url":"http:\/\/d-teq.de\/media-sports\/wp-content\/uploads\/2016\/06\/hoch_vario.jpg","type":"image\/jpeg"}],"twitter_card":"summary_large_image","schema":{"@context":"https:\/\/schema.org","@graph":[{"@type":"WebPage","@id":"http:\/\/d-teq.de\/media-sports\/product\/hochsprungmatte-modell-vario\/","url":"http:\/\/d-teq.de\/media-sports\/product\/hochsprungmatte-modell-vario\/","name":"Hochsprungmatte Modell \"Vario\" - D-TEQ","isPartOf":{"@id":"http:\/\/d-teq.de\/media-sports\/#website"},"primaryImageOfPage":{"@id":"http:\/\/d-teq.de\/media-sports\/product\/hochsprungmatte-modell-vario\/#primaryimage"},"image":{"@id":"http:\/\/d-teq.de\/media-sports\/product\/hochsprungmatte-modell-vario\/#primaryimage"},"thumbnailUrl":"http:\/\/d-teq.de\/media-sports\/wp-content\/uploads\/2016\/06\/hoch_vario.jpg","datePublished":"2016-06-07T17:41:42+00:00","dateModified":"2017-12-03T18:16:18+00:00","description":"Diese Hochsprungmatte Modell Vario ist eine sehr robuste und qualitativ hochw\u00e4rtige Matte. Sie hat einen Spikeschutz intigriert.","breadcrumb":{"@id":"http:\/\/d-teq.de\/media-sports\/product\/hochsprungmatte-modell-vario\/#breadcrumb"},"inLanguage":"de","potentialAction":[{"@type":"ReadAction","target":["http:\/\/d-teq.de\/media-sports\/product\/hochsprungmatte-modell-vario\/"]}]},{"@type":"ImageObject","inLanguage":"de","@id":"http:\/\/d-teq.de\/media-sports\/product\/hochsprungmatte-modell-vario\/#primaryimage","url":"http:\/\/d-teq.de\/media-sports\/wp-content\/uploads\/2016\/06\/hoch_vario.jpg","contentUrl":"http:\/\/d-teq.de\/media-sports\/wp-content\/uploads\/2016\/06\/hoch_vario.jpg","width":300,"height":300,"caption":"Hochsprungmatte Modell Vario"},{"@type":"BreadcrumbList","@id":"http:\/\/d-teq.de\/media-sports\/product\/hochsprungmatte-modell-vario\/#breadcrumb","itemListElement":[{"@type":"ListItem","position":1,"name":"Startseite","item":"http:\/\/d-teq.de\/media-sports\/"},{"@type":"ListItem","position":2,"name":"Shop","item":"http:\/\/d-teq.de\/media-sports\/shop\/"},{"@type":"ListItem","position":3,"name":"Hochsprungmatte Modell &#8222;Vario&#8220;"}]},{"@type":"WebSite","@id":"http:\/\/d-teq.de\/media-sports\/#website","url":"http:\/\/d-teq.de\/media-sports\/","name":"D-TEQ","description":"Media &amp; Sports","potentialAction":[{"@type":"SearchAction","target":{"@type":"EntryPoint","urlTemplate":"http:\/\/d-teq.de\/media-sports\/?s={search_term_string}"},"query-input":{"@type":"PropertyValueSpecification","valueRequired":true,"valueName":"search_term_string"}}],"inLanguage":"de"}]}},"_links":{"self":[{"href":"http:\/\/d-teq.de\/media-sports\/wp-json\/wp\/v2\/product\/12017","targetHints":{"allow":["GET"]}}],"collection":[{"href":"http:\/\/d-teq.de\/media-sports\/wp-json\/wp\/v2\/product"}],"about":[{"href":"http:\/\/d-teq.de\/media-sports\/wp-json\/wp\/v2\/types\/product"}],"wp:featuredmedia":[{"embeddable":true,"href":"http:\/\/d-teq.de\/media-sports\/wp-json\/wp\/v2\/media\/12301"}],"wp:attachment":[{"href":"http:\/\/d-teq.de\/media-sports\/wp-json\/wp\/v2\/media?parent=12017"}],"wp:term":[{"taxonomy":"product_brand","embeddable":true,"href":"http:\/\/d-teq.de\/media-sports\/wp-json\/wp\/v2\/product_brand?post=12017"},{"taxonomy":"product_cat","embeddable":true,"href":"http:\/\/d-teq.de\/media-sports\/wp-json\/wp\/v2\/product_cat?post=12017"},{"taxonomy":"product_tag","embeddable":true,"href":"http:\/\/d-teq.de\/media-sports\/wp-json\/wp\/v2\/product_tag?post=12017"}],"curies":[{"name":"wp","href":"https:\/\/api.w.org\/{rel}","templated":true}]}}